110101101?
-110010110011110001101
In base 4, what is 30 + -31103013131?
-31103013101
In base 10, what is 2642 + 173744?
176386
In base 5, what is -2124320 - 30202?
-2210022
In base 11, what is -20125 + -59?
-20183
In base 13, what is -8b892 - 117?
-8b9a9
In base 9, what is 110720 + -146?
110563
In base 2, what is -11 - 11001100111111110100101?
-11001100111111110101000
In base 3, what is -12 - 102020012000120?
-102020012000202
In base 6, what is 342033 + -23421?
314212
In base 9, what is -153711173 + 2?
-153711171
In base 3, what is -11111221101 - 21?
-11111221122
In base 14, what is -7544592 - -4?
-754458c
In base 14, what is 1 + -6bcb29?
-6bcb28
In base 10, what is 5 - 266782?
-266777
In base 13, what is a676a0 - -190?
a67860
In base 9, what is -25374386 + -8?
-25374405
In base 12, what is 6307 + ab8?
7203
In base 12, what is -13 + 59439a3?
5943990
In base 4, what is 3132 - 131103322?
-131100130
In base 14, what is 4 + 1a59ccb?
1a59cd1
In base 6, what is -355552 + 43?
-355505
In base 8, what is -5 - -42542463?
42542456
In base 15, what is -875 - 2430?
-2ca5
In base 11, what is 11aa - 121?
1089
In base 15, what is -5509 - 129?
-5633
In base 16, what is be - -de22?
dee0
In base 16, what is -195 - -19a48?
198b3
In base 6, what is 35324444 + 150?
35325034
In base 15, what is 3 + -565005e?
-565005b
In base 3, what is 12 + 220021010011?
220021010100
In base 5, what is 204240 - -4314320?
10024110
In base 14, what is 5bd2a2 - 9?
5bd297
In base 8, what is 5 + -14070176?
-14070171
In base 9, what is -106 + 10047215?
10047108
In base 3, what is 1100221 + -201222102210?
-201221001212
In base 12, what is 3 - -1a4597?
1a459a
In base 8, what is -501 - -24646?
24145
In base 14, what is -1573b + 28?
-15713
In base 5, what is 0 + -41424410342?
-41424410342
In base 8, what is 65632 + -66?
65544
In base 13, what is -19 + 23cbc?
23ca3
In base 15, what is 5 - -15e932?
15e937
In base 12, what is -3935 - -475a?
a25
In base 15, what is 49a + 1381?
182b
In base 13, what is -3a771 + -242?
-3a9b3
In base 15, what is -114 - -3d24e?
3d13a
In base 12, what is 2 - 11248254?
-11248252
In base 15, what is -4 - 431297?
-43129b
In base 8, what is 160 - 11642675?
-11642515
In base 11, what is 1092360 + 115?
1092475
In base 6, what is 4132051 + 12503?
4144554
In base 9, what is -72154088 - -4?
-72154084
In base 3, what is 21212112122 - -1122?
21212121021
In base 9, what is 3 + -881046?
-881043
In base 5, what is -10031 + -130224422?
-130240003
In base 15, what is -5220b - -d8?
-52123
In base 9, what is -525 + 2152?
1526
In base 11, what is 12 - 859268?
-859256
In base 2, what is 10110 - -11011001110001101100101?
11011001110001101111011
In base 7, what is -460666501 - 1?
-460666502
In base 8, what is 704125606 + -5?
704125601
In base 4, what is -3 + 311110323302?
311110323233
In base 5, what is -230 - 14021?
-14301
In base 10, what is 0 - -24117462?
24117462
In base 7, what is 54124 + 12203?
66330
In base 9, what is 12 - 1511281?
-1511268
In base 16, what is -2265 - 5ea?
-284f
In base 10, what is 717288 - -1327?
718615
In base 5, what is 11141430 + 411?
11142341
In base 15, what is -2bd - 8435?
-8703
In base 3, what is -101102100222 - -20101?
-101102010121
In base 2, what is -10101 - -110111010010101111101?
110111010010101101000
In base 11, what is -5 - 12846363?
-12846368
In base 8, what is -1051267436 + -1?
-1051267437
In base 13, what is 23694285 - -3?
23694288
In base 5, what is -243103110144 + 3?
-243103110141
In base 4, what is -323103031000 - -11?
-323103030323
In base 12, what is -25 - -15795?
15770
In base 16, what is -3a2 - -236?
-16c
In base 12, what is 2753 - -8a8b?
b622
In base 6, what is 1254 + -101511?
-100213
In base 10, what is 89798 + 4051?
93849
In base 13, what is -82c + -1013?
-1842
In base 10, what is -695 - 4025?
-4720
In base 3, what is 21220202 - -20000010000?
20022000202
In base 9, what is 1 + -5387423?
-5387422
In base 11, what is 5252 - -1595?
6837
In base 15, what is -232670 - -5?
-23266a
In base 4, what is -101 - -3201032200?
3201032033
In base 13, what is -b + 42b3c0?
42b3b2
In base 6, what is -35134045 + -5?
-35134054
In base 16, what is 297 - -6a1db?
6a472
In base 10, what is 43 - -46138?
46181
In base 15, what is -25d5 + 5e4?
-1ee1
In base 4, what is -231033310132 - 10?
-231033310202
In base 8, what is 1617 - 340?
1257
In base 14, what is -6da74 - a7?
-6db3b
In base 13, what is 7b6c + 8a?
7c29
In base 12, what is -3205211 + -10?
-3205221
In base 3, what is -1100020201 + -20101022?
-1120122000
In base 12, what is -5 - -b4359b?
b43596
In base 4, what is 122113 + -1123132133?
-1123010020
In base 5, what is 1003310 + -13242?
440013
In base 12, what is 1 + -932ba30?
-932ba2b
In base 10, what is 0 + 9739750?
9739750
In base 9, what is -25202 + 361?
-24731
In base 11, what is 553 - 939a?
-8947
In base 8, what is -16106072 - -4?
-16106066
In base 12, what is -156 + 967b60?
967a06
In base 11, what is a9107238 - 5?
a9107233
In base 4, what is 2220 + -10010131033?
-10010122213
In base 6, what is 453354 - 22153?
431201
In base 6, what is -55445 - 124201?
-224050
In base 11, what is 6000 - 7986?
-1986
In base 4, what is -113102 - -20130102?
20011000
In base 4, what is 0 - 23002001321233?
-23002001321233
In base 2, what is -100111010100101011110111001 - -1?
-100111010100101011110111000
In base 14, what is 2 - -526ba7?
526ba9
In base 16, what is -57b4 - 56?
-580a
In base 6, what is 112124 - 1155140?
-1043012
In base 7, what is 166515 - -6255?
206103
In base 15, what is -c + 1aed3e5?
1aed3d8
In base 12, what is 103804 + 294?
103a98
In base 4, what is -112223311 + 130310?
-112033001
In base 16, what is -4 - 1b62012c?
-1b620130
In base 13, what is 39 + -9695a?
-96921
In base 6, what is -1225 + -15045?
-20314
In base 4, what is 102010 - -110232?
212302
In base 4, what is -100121323210000 - -10?
-100121323203330
In base 10, what is -1738 + 109814?
108076
In base 13, what is -96513a09 - 0?
-96513a09
In base 12, what is 1a - -22754b1?
227550b
In base 6, what is 4 + 124504424?
124504432
In base 8, what is -227500161 - -43?
-227500116
In base 7, what is -55 - 124035564?
-124035652
In base 4, what is 10013 + 3130201?
3200220
In base 10, what is 141413385 + -5?
141413380
In base 8, what is 4 - 15407707?
-15407703
In base 5, what is 100310 + 142303?
243113
In base 13, what is -22204 - -c0?
-22114
In base 5, what is -12011103 - -130?
-12010423
In base 5, what is -101 - -1101343?
1101242
In base 12, what is 855 + -10a35?
-101a0
In base 5, what is 3111 + -3202311?
-3144200
In base 13, what is 19b0 - -4101a?
429ca
In base 8, what is -166632531 - 4?
-166632535
In base 15, what is 4d71 + -1587?
37d9
In base 4, what is 313301131 - -20?
313301211
In base 15, what is 338276 - -1?
338277
In base 12, what is 28 + 267879?
2678a5
In base 6, what is -22303 + 1130423?
1104120
In base 15, what is 1777 - -210?
1987
In base 4, what is -22011 - 203133?
-231210
In base 3, what is 2212010 - -122100120?
202012200
In base 8, what is 455141 - 21?
455120
In base 12, what is 4 + 355b77?
355b7b
In base 2, what is -10000111 + 100111001101010111?
100111001011010000
In base 5, what is -2 + 10240132442?
10240132440
In base 2, what is 1001110110001101000 - 1110100?
1001110101111110100
In base 10, what is 24059 + 1068?
25127
In base 16, what is -54cec1 + -4?
-54cec5
In base 15, what is 233 + d3?
316
In base 12, what is 6b5 + 1805?
22ba
In base 5, what is -11240212 - -342?
-11234320
In base 13, what is 9ba0 + 148?
a018
In base 9, what is 37 - 210540?
-210502
In base 13, what is -916260 + 3a?
-916223
In base 4, what is 22201033322 - -230?
22201100212
In base 3, what is 20 - -20211012212011120?
20211012212011210
In base 10, what is -2 + 2733572?
2733570
In base 12, what is -2 - -13b77b?
13b779
In base 7, what is -1411562 + 143?
-1411416
In base 10, what is 177 + -5532861?
-5532684
In base 10, what is 604206 + -4?
604202
In base 14, what is 10102 - -7?
10109
In base 7, what is -34010203035 + 2?
-34010203033
In base 3, what is -20121200 + -2101120011?
-2122011211
In base 9, what is 204136 + 48?
204185
In base 11, what is 194 + 13967?
14050
In base 8, what is -1353 - -26617?
25244
In base 3, what is -120011200220020 - 11?
-120011200220101
In base 10, what is -1237 - -86755?
85518
In base 3, what is -2001 + 